{"id":84,"date":"2013-12-17T12:19:47","date_gmt":"2013-12-17T12:19:47","guid":{"rendered":"http:\/\/institutos.unileon.es\/laboratorio-de-diatomologia\/?page_id=84"},"modified":"2022-05-23T16:48:20","modified_gmt":"2022-05-23T16:48:20","slug":"contacto","status":"publish","type":"page","link":"https:\/\/institutos.unileon.es\/laboratorio-de-diatomologia\/contacto\/","title":{"rendered":"Sugerencias\/Quejas"},"content":{"rendered":"<div id=\"google_translate_element\"><\/div>\n<script type=\"text\/javascript\"><br \/>\nfunction googleTranslateElementInit() {<br \/>\n  new google.translate.TranslateElement({pageLanguage: 'es', layout: google.translate.TranslateElement.InlineLayout.SIMPLE}, 'google_translate_element');<br \/>\n}<br \/>\n<\/script><script type=\"text\/javascript\" src=\"\/\/translate.google.com\/translate_a\/element.js?cb=googleTranslateElementInit\"><\/script>\n\n<strong>sblal@unileon.es<\/strong>\n\nLaboratorio de diatomolog\u00eda\n\nIMARENABIO\n\nLa Serna,\u00a058 &#8211; 24007 Le\u00f3n, Espa\u00f1a\n\nTel\u00e9fono: (+34) 987293136\n\nFax: (+34) 987291563\n\nSe encuentra disponible una descripci\u00f3n del <a href=\"https:\/\/drive.google.com\/file\/d\/1RhLegd5AMajwJY9eRx-pDRfT7725PJ7B\/view?usp=sharing\">proceso de tratamiento de quejas<\/a> para cuando lo solicite cualquier parte interesada","protected":false},"excerpt":{"rendered":"<p>sblal@unileon.es Laboratorio de diatomolog\u00eda IMARENABIO La Serna,\u00a058 &#8211; 24007 Le\u00f3n, Espa\u00f1a Tel\u00e9fono: (+34) 987293136 Fax: (+34) 987291563 Se encuentra disponible una descripci\u00f3n del proceso de tratamiento de quejas para cuando lo solicite cualquier parte interesada<\/p>\n","protected":false},"author":75,"featured_media":0,"parent":0,"menu_order":0,"comment_status":"closed","ping_status":"closed","template":"","meta":{"footnotes":""},"class_list":["post-84","page","type-page","status-publish","hentry"],"_links":{"self":[{"href":"https:\/\/institutos.unileon.es\/laboratorio-de-diatomologia\/wp-json\/wp\/v2\/pages\/84","targetHints":{"allow":["GET"]}}],"collection":[{"href":"https:\/\/institutos.unileon.es\/laboratorio-de-diatomologia\/wp-json\/wp\/v2\/pages"}],"about":[{"href":"https:\/\/institutos.unileon.es\/laboratorio-de-diatomologia\/wp-json\/wp\/v2\/types\/page"}],"author":[{"embeddable":true,"href":"https:\/\/institutos.unileon.es\/laboratorio-de-diatomologia\/wp-json\/wp\/v2\/users\/75"}],"replies":[{"embeddable":true,"href":"https:\/\/institutos.unileon.es\/laboratorio-de-diatomologia\/wp-json\/wp\/v2\/comments?post=84"}],"version-history":[{"count":20,"href":"https:\/\/institutos.unileon.es\/laboratorio-de-diatomologia\/wp-json\/wp\/v2\/pages\/84\/revisions"}],"predecessor-version":[{"id":411,"href":"https:\/\/institutos.unileon.es\/laboratorio-de-diatomologia\/wp-json\/wp\/v2\/pages\/84\/revisions\/411"}],"wp:attachment":[{"href":"https:\/\/institutos.unileon.es\/laboratorio-de-diatomologia\/wp-json\/wp\/v2\/media?parent=84"}],"curies":[{"name":"wp","href":"https:\/\/api.w.org\/{rel}","templated":true}]}}