{"id":94,"date":"2014-06-24T16:06:44","date_gmt":"2014-06-24T15:06:44","guid":{"rendered":"http:\/\/institutos.unileon.es\/instituto-estudios-medievales\/?page_id=94"},"modified":"2021-05-28T10:19:02","modified_gmt":"2021-05-28T09:19:02","slug":"grupos-de-investigacion","status":"publish","type":"page","link":"https:\/\/institutos.unileon.es\/instituto-estudios-medievales\/grupos-de-investigacion\/","title":{"rendered":"Grupos de investigaci\u00f3n"},"content":{"rendered":"El Instituto de Estudios Medievales (IEM) est\u00e1 formado por los siguientes grupos de investigaci\u00f3n:\n<h4><span style=\"color: #808080;\"><strong>1.-<\/strong><strong>ESTUDIOS MEDIEVALES DE LA IGLESIA CASTELLANO-LEONESA -\u00abEMICAL\u00bb-<\/strong><\/span><\/h4>\nGrupo de Investigaci\u00f3n reconocido por la ULE. C\u00f3digo 410\n\n<a href=\"http:\/\/www.unileon.es\/grupos-investigacion\/detalles-grupo.php?id=3&amp;grp=410\">http:\/\/www.unileon.es\/grupos-investigacion\/detalles-grupo.php?id=3&amp;grp=410<\/a>\n\nMiembros del IEM que pertenecen al grupo:\n<ul>\n \t<li>Dra. Gregoria Cavero Dom\u00ednguez (IP)<\/li>\n \t<li>Dra. Encarnaci\u00f3n Mart\u00edn L\u00f3pez<\/li>\n \t<li>Dra. Raquel Mart\u00ednez Pe\u00f1\u00edn<\/li>\n<\/ul>\nL\u00edneas de investigaci\u00f3n que desarrolla el grupo:\n<p style=\"text-align: justify;\">HISTORIA MEDIEVAL E HISTORIA DE LA IGLESIA MEDIEVAL CASTELLANOLEONESA: Historia de la Iglesia y de sus instituciones: cofrad\u00edas, corporaciones y solidaridades. Poder episcopal, monacato, \u00f3rdenes militares y establecimientos ben\u00e9fico-asistenciales. Camino de Santiago y hospitalidad. Historia pol\u00edtica: fundamentalmente el siglo XII en el reino castellano-leon\u00e9s. Historia de la Baja Edad Media. El mundo jud\u00edo medieval hispano<\/p>\n\n\n<hr \/>\n\n<h4><strong>2.-LITERATURA ESPA\u00d1OLA Y TRADICI\u00d3N CL\u00c1SICA<\/strong><\/h4>\nGrupo de Investigaci\u00f3n reconocido por la ULE. C\u00f3digo 411\n\n<a href=\"http:\/\/www.unileon.es\/grupos-investigacion\/detalles-grupo.php?id=3&amp;grp=411\">http:\/\/www.unileon.es\/grupos-investigacion\/detalles-grupo.php?id=3&amp;grp=411<\/a>\n\n<a href=\"http:\/\/letra.unileon.es\">http:\/\/letra.unileon.es<\/a>\n\nMiembros del IEM que pertenecen al grupo:\n<ul>\n \t<li>Dra. Luzdivina Cuesta Torre (IP)<\/li>\n<\/ul>\nL\u00edneas de investigaci\u00f3n que desarrolla el grupo:\n<p style=\"text-align: justify;\">LITERATURA MEDIEVAL: Traducci\u00f3n, adaptaci\u00f3n y refundici\u00f3n de textos franceses y latinos medievales a la literatura espa\u00f1ola. La literatura art\u00farica en la Pen\u00ednsula Ib\u00e9rica. Esopo en la literatura medieval espa\u00f1ola. Literatura medieval hispana.<\/p>\n\n\n<hr \/>\n\n<h4><strong>3.-PATRIMONIO ART\u00cdSTICO MEDIEVAL -\u00abPAM\u00bb-<\/strong><\/h4>\nGrupo\u00a0de Investigaci\u00f3n reconocido por la ULE. C\u00f3digo 435.\n\nUnidad de Investigaci\u00f3n consolidada de Castilla y Le\u00f3n. UIC 220\n\n<a href=\"http:\/\/www.unileon.es\/grupos-investigacion\/detalles-grupo.php?id=3&amp;grp=435\">http:\/\/www.unileon.es\/grupos-investigacion\/detalles-grupo.php?id=3&amp;grp=435<\/a>\n\n<a href=\"http:\/\/pam-ule.es\/\">http:\/\/pam-ule.es\/<\/a>\n\nMiembros del IEM que pertenecen al grupo:\n<ul>\n \t<li>Dra. Mar\u00eda Victoria Herr\u00e1ez Ortega (IP)<\/li>\n \t<li>Dr. Manuel Vald\u00e9s Fern\u00e1ndez<\/li>\n \t<li>Dra. Concepci\u00f3n Cosmen Alonso<\/li>\n \t<li>Dra. Mar\u00eda Dolores Teijeira Pablos<\/li>\n \t<li>Dr. Jos\u00e9 Alberto Mor\u00e1is Mor\u00e1n<\/li>\n \t<li>Dr. Francisco de As\u00eds Garc\u00eda Garc\u00eda<\/li>\n<\/ul>\nL\u00edneas de investigaci\u00f3n que desarrolla el grupo:\n<p style=\"text-align: justify;\">HISTORIA DEL ARTE MEDIEVAL: Arquitectura y escultura medievales. Arte rom\u00e1nico. Arte mud\u00e9jar. Arquitectura y escultura: siglos XII-XV. Escultura g\u00f3tica. Orfebrer\u00eda g\u00f3tica. Iconograf\u00eda medieval. Tejidos musulmanes medievales. Patronazgo art\u00edstico.<\/p>\n\n\n<hr \/>\n\n<h4><strong>4.-TEMAS HIST\u00d3RICOS -\u00abINDETEHI\u00bb-<\/strong><\/h4>\nGrupo de Investigaci\u00f3n reconocido por la ULE. C\u00f3digo 404\n\n<a href=\"http:\/\/www.unileon.es\/grupos-investigacion\/detalles-grupo.php?id=3&amp;grp=404\">http:\/\/www.unileon.es\/grupos-investigacion\/detalles-grupo.php?id=3&amp;grp=404<\/a>\n\nMiembros del IEM que pertenecen al grupo:\n<ul>\n \t<li>Dr. Carlos Fern\u00e1ndez Rodr\u00edguez<\/li>\n<\/ul>\nL\u00edneas de investigaci\u00f3n que desarrolla el grupo:\n<p style=\"text-align: justify;\">ESTUDIOS HIST\u00d3RICOS sobre temas de econom\u00eda, sociedad, pol\u00edtica y cultura desde la Prehistoria hasta los momentos actuales.<\/p>\n\n\n<hr \/>\n\n<h4><strong>5.-VARIACI\u00d3N DIAT\u00d3PICA Y DIACR\u00d3NICA DEL L\u00c9XICO -CORLEXIN-<\/strong><\/h4>\nGrupo de Investigaci\u00f3n reconocido por la ULE. C\u00f3digo 442\n\n<a href=\"http:\/\/www.unileon.es\/grupos-investigacion\/detalles-grupo.php?id=3&amp;grp=442\">http:\/\/www.unileon.es\/grupos-investigacion\/detalles-grupo.php?id=3&amp;grp=442<\/a>\n\nMiembros del IEM que pertenecen al grupo:\n<ul>\n \t<li>Mar\u00eda Cristina Egido Fern\u00e1ndez (IP)<\/li>\n \t<li>Jeannick Yvonne Le Men Loyer<\/li>\n \t<li>Jos\u00e9 Ram\u00f3n Morala Rodr\u00edguez<\/li>\n \t<li>Trinidad Guzm\u00e1n Gonz\u00e1lez<\/li>\n<\/ul>\nL\u00edneas de investigaci\u00f3n que desarrolla el grupo:\n<p style=\"text-align: justify;\">Ling\u00fc\u00edstica diacr\u00f3nica, lexicograf\u00eda hist\u00f3rica, variaci\u00f3n l\u00e9xica, fuentes documentales, corpus textuales.<\/p>\n\n\n<hr \/>\n\n<h4><span style=\"color: #000080;\"><strong>6.-INVESTIGACI\u00d3N EN ARCHIVOS, BIBLIOTECAS, INFORMACI\u00d3N Y DOCUMENTACI\u00d3N -ARBIDOC-<\/strong><em>\n<\/em><\/span><\/h4>\nGrupo de Investigaci\u00f3n reconocido por la ULE. C\u00f3digo 450\n\n<a href=\"http:\/\/www.unileon.es\/grupos-investigacion\/detalles-grupo.php?id=3&amp;grp=450\">http:\/\/www.unileon.es\/grupos-investigacion\/detalles-grupo.php?id=3&amp;grp=450<\/a>\n\nMiembros del IEM que pertenecen al grupo:\n<ul>\n \t<li>Dra. Blanca Rodr\u00edguez Bravo (IP)<\/li>\n \t<li>Dra. Josefa Gallego Lorenzo<\/li>\n<\/ul>\nL\u00edneas de investigaci\u00f3n que desarrolla el grupo:\n<p style=\"text-align: justify;\">Alfabetizaci\u00f3n informacional; Bibliograf\u00edas especializadas; Bibliotecas electr\u00f3nicas; Comportamiento informacional; Comunicaci\u00f3n cient\u00edfica; Conservaci\u00f3n documental; Consumo de informaci\u00f3n; E-archivo; Evaluaci\u00f3n de sistemas de informaci\u00f3n; Herramientas 2.0; Organizaci\u00f3n del conocimiento, Organizaci\u00f3n y gesti\u00f3n de archivos; Recuperaci\u00f3n de informaci\u00f3n; Selecci\u00f3n y evaluaci\u00f3n de recursos electr\u00f3nicos; Servicios bibliotecarios en la web; Sistemas de lectura p\u00fablica; Tecnolog\u00edas educativas; Usabilidad y experiencia de usuario.<\/p>\n\n\n<hr \/>\n\n<h4><strong>7.- GRUPO DE INVESTIGACI\u00d3N\u00a0DE DERECHO MEDIEVAL<\/strong><\/h4>\nMiembros del IEM que pertenecen al grupo:\n<ul>\n \t<li>Dr. Paulino C\u00e9sar Pardo<\/li>\n \t<li>Dr. Salvador Tarodo Soria<\/li>\n<\/ul>\nL\u00edneas de investigaci\u00f3n que desarrolla el grupo:\n\nDERECHO CAN\u00d3NICO MEDIEVAL\n\n<hr \/>\n\n<h4><span style=\"color: #666699;\"><strong>8.- GRUPO DE INVESTIGACI\u00d3N SOBRE TRADUCCI\u00d3N<\/strong><\/span><\/h4>\nMiembros del IEM que pertenecen al grupo:\n<ul>\n \t<li>Dr. Julio C\u00e9sar Santoyo Mediavilla<\/li>\n<\/ul>\nL\u00edneas de investigaci\u00f3n que desarrolla el grupo:\n\nLA TRADUCCI\u00d3N EN LA EDAD MEDIA: Historia de la traducci\u00f3n medieval\n\n<hr \/>","protected":false},"excerpt":{"rendered":"<p>El Instituto de Estudios Medievales (IEM) est\u00e1 formado por los siguientes grupos de investigaci\u00f3n: 1.-ESTUDIOS MEDIEVALES DE LA IGLESIA CASTELLANO-LEONESA -\u00abEMICAL\u00bb- Grupo de Investigaci\u00f3n reconocido por la ULE. C\u00f3digo 410 http:\/\/www.unileon.es\/grupos-investigacion\/detalles-grupo.php?id=3&amp;grp=410 Miembros del IEM que pertenecen al grupo: Dra. Gregoria Cavero Dom\u00ednguez (IP) Dra. Encarnaci\u00f3n Mart\u00edn L\u00f3pez Dra. Raquel Mart\u00ednez Pe\u00f1\u00edn L\u00edneas de investigaci\u00f3n que [&hellip;]<\/p>\n","protected":false},"author":90,"featured_media":42,"parent":0,"menu_order":0,"comment_status":"closed","ping_status":"open","template":"","meta":{"footnotes":""},"class_list":["post-94","page","type-page","status-publish","has-post-thumbnail","hentry"],"_links":{"self":[{"href":"https:\/\/institutos.unileon.es\/instituto-estudios-medievales\/wp-json\/wp\/v2\/pages\/94","targetHints":{"allow":["GET"]}}],"collection":[{"href":"https:\/\/institutos.unileon.es\/instituto-estudios-medievales\/wp-json\/wp\/v2\/pages"}],"about":[{"href":"https:\/\/institutos.unileon.es\/instituto-estudios-medievales\/wp-json\/wp\/v2\/types\/page"}],"author":[{"embeddable":true,"href":"https:\/\/institutos.unileon.es\/instituto-estudios-medievales\/wp-json\/wp\/v2\/users\/90"}],"replies":[{"embeddable":true,"href":"https:\/\/institutos.unileon.es\/instituto-estudios-medievales\/wp-json\/wp\/v2\/comments?post=94"}],"version-history":[{"count":62,"href":"https:\/\/institutos.unileon.es\/instituto-estudios-medievales\/wp-json\/wp\/v2\/pages\/94\/revisions"}],"predecessor-version":[{"id":776,"href":"https:\/\/institutos.unileon.es\/instituto-estudios-medievales\/wp-json\/wp\/v2\/pages\/94\/revisions\/776"}],"wp:featuredmedia":[{"embeddable":true,"href":"https:\/\/institutos.unileon.es\/instituto-estudios-medievales\/wp-json\/wp\/v2\/media\/42"}],"wp:attachment":[{"href":"https:\/\/institutos.unileon.es\/instituto-estudios-medievales\/wp-json\/wp\/v2\/media?parent=94"}],"curies":[{"name":"wp","href":"https:\/\/api.w.org\/{rel}","templated":true}]}}