{"id":184,"date":"2014-06-24T21:40:08","date_gmt":"2014-06-24T20:40:08","guid":{"rendered":"http:\/\/institutos.unileon.es\/instituto-estudios-medievales\/?page_id=184"},"modified":"2021-05-28T12:02:22","modified_gmt":"2021-05-28T11:02:22","slug":"cursos-de-verano","status":"publish","type":"page","link":"https:\/\/institutos.unileon.es\/instituto-estudios-medievales\/cursos-de-verano\/","title":{"rendered":"Cursos de verano"},"content":{"rendered":"<h1>CURSOS DE VERANO 2021<\/h1>\n<strong>LA ESCRITURA VISIG\u00d3TICA EN LOS REINOS HISP\u00c1NICOS OCCIDENTALES.<\/strong>\n<strong>A\u00d1O III: LA ESCRITURA VISIG\u00d3TICA EN LOS SIGLOS XI-XII<\/strong>\n12\/07\/2021 &#8211; 16\/07\/2021\n\nTEATRO GULL\u00d3N DE ASTORGA\n\n<a href=\"https:\/\/institutos.unileon.es\/instituto-estudios-medievales\/files\/2021\/05\/AR_Escritura_Visigotica-1.jpg\"><img loading=\"lazy\" decoding=\"async\" class=\"alignnone  wp-image-778\" src=\"https:\/\/institutos.unileon.es\/instituto-estudios-medievales\/files\/2021\/05\/AR_Escritura_Visigotica-1.jpg\" alt=\"\" width=\"350\" height=\"248\" \/><\/a>\n\n<strong>POBLACI\u00d3N Y DESPOBLACI\u00d3N EN EL BIERZO: EVALUANDO HIST\u00d3RICAMENTE EL VALLE DEL OZA<\/strong>\n\n22\/07\/2021 &#8211; 24\/07\/2021\n\nCASTILLO DE PONFERRADA Y MONTES DE VALDUEZA\n\n<a href=\"https:\/\/institutos.unileon.es\/instituto-estudios-medievales\/files\/2021\/05\/DesPoblacion_Bierzo_cartel-1.jpg\"><img loading=\"lazy\" decoding=\"async\" class=\"alignnone  wp-image-782\" src=\"https:\/\/institutos.unileon.es\/instituto-estudios-medievales\/files\/2021\/05\/DesPoblacion_Bierzo_cartel-1.jpg\" alt=\"\" width=\"336\" height=\"475\" \/><\/a>\n<h1>CURSO DE VERANO 2020<\/h1>\n<strong>MUNDO MEDIEVAL, MUNDO VIRTUAL: EDAD MEDIA, CINE, VIDEOJUEGOS Y OTROS MEDIA<\/strong>\n\n<strong>On line, 1-3 de Julio<\/strong>\n<h5><a href=\"https:\/\/institutos.unileon.es\/instituto-estudios-medievales\/files\/2021\/03\/Diptico.pdf\">D\u00edptico<\/a> <a href=\"https:\/\/institutos.unileon.es\/instituto-estudios-medievales\/files\/2021\/03\/Cartel.jpg\"><img loading=\"lazy\" decoding=\"async\" class=\"alignnone  wp-image-762\" src=\"https:\/\/institutos.unileon.es\/instituto-estudios-medievales\/files\/2021\/03\/Cartel.jpg\" alt=\"\" width=\"237\" height=\"335\" \/><\/a><\/h5>\n<h1>CURSO DE VERANO 2019<\/h1>\n<strong>EXPOLIO Y DESTRUCCI\u00d3N DEL PATRIMONIO MEDIEVAL. VISIONES DESDE EL SIGLO XXI<\/strong>\n\n<strong>Colegiata de San Isidoro, 25-27 de Junio<\/strong>\n\n<a href=\"http:\/\/institutos.unileon.es\/instituto-estudios-medievales\/files\/2010\/10\/Cartel-3.jpg\"><img loading=\"lazy\" decoding=\"async\" class=\"alignnone size-medium wp-image-641\" src=\"http:\/\/institutos.unileon.es\/instituto-estudios-medievales\/files\/2010\/10\/Cartel-3-213x300.jpg\" alt=\"\" width=\"213\" height=\"300\" srcset=\"https:\/\/institutos.unileon.es\/instituto-estudios-medievales\/files\/2010\/10\/Cartel-3-213x300.jpg 213w, https:\/\/institutos.unileon.es\/instituto-estudios-medievales\/files\/2010\/10\/Cartel-3-768x1083.jpg 768w, https:\/\/institutos.unileon.es\/instituto-estudios-medievales\/files\/2010\/10\/Cartel-3-726x1024.jpg 726w\" sizes=\"auto, (max-width: 213px) 100vw, 213px\" \/><\/a>\n\n<a href=\"http:\/\/institutos.unileon.es\/instituto-estudios-medievales\/files\/2010\/10\/D\u00edptico-2.pdf\">D\u00edptico<\/a>\n<h1>CURSO DE VERANO 2018<\/h1>\n<strong>LIBROS MEDIEVALES: PONFERRADA EN EL CAMINO Y LOS LIBROS DE PEREGRINOS<\/strong>\n\n<strong>Ponferrada, Castillo de los Templarios, 10-13 de julio<\/strong>\n\n<a href=\"http:\/\/institutos.unileon.es\/instituto-estudios-medievales\/files\/2019\/06\/Cartel-Libros-medievales.jpg\"><img loading=\"lazy\" decoding=\"async\" class=\"alignnone size-medium wp-image-644\" src=\"http:\/\/institutos.unileon.es\/instituto-estudios-medievales\/files\/2019\/06\/Cartel-Libros-medievales-212x300.jpg\" alt=\"\" width=\"212\" height=\"300\" srcset=\"https:\/\/institutos.unileon.es\/instituto-estudios-medievales\/files\/2019\/06\/Cartel-Libros-medievales-212x300.jpg 212w, https:\/\/institutos.unileon.es\/instituto-estudios-medievales\/files\/2019\/06\/Cartel-Libros-medievales-768x1086.jpg 768w, https:\/\/institutos.unileon.es\/instituto-estudios-medievales\/files\/2019\/06\/Cartel-Libros-medievales-724x1024.jpg 724w\" sizes=\"auto, (max-width: 212px) 100vw, 212px\" \/><\/a>\n\n<a href=\"http:\/\/institutos.unileon.es\/instituto-estudios-medievales\/files\/2019\/06\/Libros_medievales.pdf\">Libros_medievales<\/a>\n<h1><\/h1>\n<h1><strong>CURSO DE VERANO 2017<\/strong><\/h1>\n<strong>CURSO DE VERANO 2017<\/strong>\n\n<strong>LIBROS MEDIEVALES: SOCIEDAD, PODER Y CULTURA EN TORNO AL FUERO DE LE\u00d3N<\/strong>\n\n<strong>Ponferrada, 11-14 de Julio<\/strong>\n\n<a href=\"http:\/\/institutos.unileon.es\/instituto-estudios-medievales\/files\/2014\/06\/Libros_medievales_Cartel-reducido.jpg\"><img loading=\"lazy\" decoding=\"async\" class=\"alignnone size-medium wp-image-469\" src=\"http:\/\/institutos.unileon.es\/instituto-estudios-medievales\/files\/2014\/06\/Libros_medievales_Cartel-reducido-212x300.jpg\" alt=\"\" width=\"212\" height=\"300\" srcset=\"https:\/\/institutos.unileon.es\/instituto-estudios-medievales\/files\/2014\/06\/Libros_medievales_Cartel-reducido-212x300.jpg 212w, https:\/\/institutos.unileon.es\/instituto-estudios-medievales\/files\/2014\/06\/Libros_medievales_Cartel-reducido-768x1086.jpg 768w, https:\/\/institutos.unileon.es\/instituto-estudios-medievales\/files\/2014\/06\/Libros_medievales_Cartel-reducido-724x1024.jpg 724w, https:\/\/institutos.unileon.es\/instituto-estudios-medievales\/files\/2014\/06\/Libros_medievales_Cartel-reducido.jpg 1766w\" sizes=\"auto, (max-width: 212px) 100vw, 212px\" \/><\/a>\n\n<a href=\"http:\/\/institutos.unileon.es\/instituto-estudios-medievales\/files\/2014\/06\/Libros-medievales-2017.-Programa.pdf\">Libros medievales 2017. Programa<\/a>\n\n<strong>DIRECTORAS: <\/strong>\n\nDra. Mar\u00eda Encarnaci\u00f3n Mart\u00edn L\u00f3pez. (Instituto de Estudios Medievales. Universidad de Le\u00f3n)\n\nDra. Mar\u00eda Dolores Teijeira Pablos (Instituto de Estudios Medievales. Universidad de Le\u00f3n)\n\n<strong>LUGAR: <\/strong>Ponferrada. <em>Castillo de los Templarios.\u00a0<\/em>\n\n<strong>FECHAS: <\/strong>11-14 de julio de 2017\n\n<strong>TASAS: <\/strong>80 euros matr\u00edcula normal y 70 euros para estudiantes y licenciados en paro.\n\n<strong>DESTINATARIOS: <\/strong>Licenciados en Historia, Historia del Arte, Humanidades y titulaciones afines. Alumnos de primer, segundo y tercer ciclo de las licenciaturas se\u00f1aladas. Profesores de Ense\u00f1anza Secundaria. Interesados en el tema.\n\n<strong>CR\u00c9DITOS DE LIBRE CONFIGURACI\u00d3N: 3 LEC\/ 2 ECTS<\/strong>\n\n<strong>ACTIVIDADES COMPLEMENTARIAS<\/strong>: Visita a las iglesias de Corull\u00f3n. Visita al Castillo de los Templarios de Ponferrada. Actividad pr\u00e1ctica:\u00a0<em>Beatos en Templum Libri<\/em>\n\n<strong>Colaboran:<\/strong>\n\nInstituto de Estudios Medievales. Universidad de Le\u00f3n\n\nFundaci\u00f3n Pedro \u00c1lvarez Osorio, conde de Lemos.\n\nAyuntamiento de Ponferrada.\n\nSociedad Espa\u00f1ola de Estudios Medievales: SEEM\n\nExcma. Diputaci\u00f3n Provincial de Le\u00f3n\n\nInstituto de Estudios Bercianos\n\nFundaci\u00f3n Ana Torres Villarino\n\n&#8212;\n\nLa Sociedad Espa\u00f1ola de Estudios Medievales concede 2 becas para alumnos socios de la SEEM, menores de 30 a\u00f1os.\n\nInformaci\u00f3n y contacto\n\nMar\u00eda Encarnaci\u00f3n Mart\u00edn L\u00f3pez: <a href=\"mailto:memarl@unileon.es\">memarl@unileon.es<\/a>\n\nMar\u00eda Dolores Teijeira Pablos: <a href=\"md.teijeira@unileon.es\">md.teijeira@unileon.es<\/a>\n\n<hr \/>\n\n<h4><span style=\"color: #000080;\"><strong>CURSO DE VERANO 2016<\/strong><\/span><\/h4>\n<span style=\"color: #000080;\"><strong><span style=\"color: #000080;\">LIBROS MEDIEVALES: ART\u00cdFICES,<\/span> <span style=\"color: #000080;\">PATROCINADORES<\/span> <span style=\"color: #000080;\">Y<\/span> <span style=\"color: #000080;\">CLIENTES<\/span><\/strong><\/span>\n\nPonferrada, Castillo de los Templarios, 12-15 de julio\n\n<a href=\"http:\/\/institutos.unileon.es\/instituto-estudios-medievales\/files\/2010\/10\/Libros-medievales.-Programa-definitivo-1.jpg\"><img loading=\"lazy\" decoding=\"async\" class=\"alignnone size-medium wp-image-317\" src=\"http:\/\/institutos.unileon.es\/instituto-estudios-medievales\/files\/2010\/10\/Libros-medievales.-Programa-definitivo-1-213x300.jpg\" alt=\"Libros medievales. Programa definitivo 1\" width=\"213\" height=\"300\" srcset=\"https:\/\/institutos.unileon.es\/instituto-estudios-medievales\/files\/2010\/10\/Libros-medievales.-Programa-definitivo-1-213x300.jpg 213w, https:\/\/institutos.unileon.es\/instituto-estudios-medievales\/files\/2010\/10\/Libros-medievales.-Programa-definitivo-1.jpg 559w\" sizes=\"auto, (max-width: 213px) 100vw, 213px\" \/><\/a>\n\n<a href=\"http:\/\/institutos.unileon.es\/instituto-estudios-medievales\/files\/2010\/10\/Libros-medievales.-Programa-definitivo.pdf\">Libros medievales. Programa definitivo<\/a>\n\n<hr \/>\n\n<strong>DIRECTORAS: <\/strong>\n\nDra. Gregoria Cavero Dom\u00ednguez.\u00a0 Instituto de Estudios \u00a0Medievales.\u00a0Universidad de Le\u00f3n.\n\nDra. Mar\u00eda Encarnaci\u00f3n Mart\u00edn L\u00f3pez. (Instituto de Estudios \u00a0\u00a0\u00a0Medievales. Universidad de Le\u00f3n)\n\n<strong>LUGAR:\u00a0\u00a0\u00a0\u00a0\u00a0\u00a0\u00a0 <\/strong>Ponferrada. <em>Castillo de los Templarios. <\/em>Sala de armas del conde.\n\n<strong>FECHAS:\u00a0\u00a0\u00a0\u00a0\u00a0 <\/strong>12-15 de julio de 2016\n\n<strong>DURACI\u00d3N: <\/strong>30 horas presenciales y 15 trabajo personal del alumno\n\n<strong>N\u00daMERO DE ALUMNOS: m\u00ednimo 20, m\u00e1ximo 60.<\/strong>\n\n<strong>TASAS: <\/strong>80 euros matr\u00edcula normal y 70 euros para estudiantes y licenciados en paro.\n\n<strong>DESTINATARIOS: <\/strong>Licenciados en Historia, Historia del Arte, Humanidades y titulaciones afines. Alumnos de primer, segundo y tercer ciclo de las licenciaturas se\u00f1aladas. Profesores de Ense\u00f1anza Secundaria. Interesados en el tema.\n\n<strong>CR\u00c9DITOS DE LIBRE CONFIGURACI\u00d3N: 3 LEC\/ 2 ECTS<\/strong>\n\n<strong>ACTIVIDADES COMPLEMENTARIAS<\/strong>: Exposiciones, Museos.\n\n<strong>Colaboran:<\/strong>\n\nInstituto de Estudios Medievales. Universidad de Le\u00f3n\n\nFundaci\u00f3n Pedro \u00c1lvarez Osorio, conde de Lemos.\n\nAyuntamiento de Ponferrada.\n\nSociedad Espa\u00f1ola de Estudios Medievales: SEEM\n\nExcma. Diputaci\u00f3n Provincial de Le\u00f3n\n\nInstituto de Estudios Bercianos\n\nFundaci\u00f3n Ana Torres Villarino\n\n&#8212;\n\nLa Sociedad Espa\u00f1ola de Estudios Medievales concede 2 becas para alumnos socios de la SEEM, menores de 30 a\u00f1os.\n\nInformaci\u00f3n y contacto\n\nDra. Gregoria Cavero: 987291061<a href=\"mailto:gcavd@unileon.es\">gcavd@unileon.es<\/a>\n\nMar\u00eda Encarnaci\u00f3n Mart\u00edn L\u00f3pez: <a href=\"mailto:memarl@unileon.es\">memarl@unileon.es<\/a>\n\n<hr \/>\n\n<h4><\/h4>\n<h4>\u00a0<strong>T\u00cdTULO: <span style=\"color: #800080;\">LIBROS MEDIEVALES:\u00a0el imaginario colectivo de la Edad Media (Le\u00f3n, 2015)<\/span><\/strong><\/h4>\n<img loading=\"lazy\" decoding=\"async\" class=\"alignnone wp-image-271 size-medium\" src=\"http:\/\/institutos.unileon.es\/instituto-estudios-medievales\/files\/2010\/10\/libros_medievales_cartel-202x300.jpg\" alt=\"\" width=\"202\" height=\"300\" srcset=\"https:\/\/institutos.unileon.es\/instituto-estudios-medievales\/files\/2010\/10\/libros_medievales_cartel-202x300.jpg 202w, https:\/\/institutos.unileon.es\/instituto-estudios-medievales\/files\/2010\/10\/libros_medievales_cartel-691x1024.jpg 691w, https:\/\/institutos.unileon.es\/instituto-estudios-medievales\/files\/2010\/10\/libros_medievales_cartel-900x1334.jpg 900w\" sizes=\"auto, (max-width: 202px) 100vw, 202px\" \/>\n\n<a href=\"http:\/\/institutos.unileon.es\/instituto-estudios-medievales\/files\/2014\/06\/libros_medievales.pdf\">(Descargar folleto)<\/a>\n\n<strong>DIRECTORAS:<\/strong>\n\nDra. Gregoria Cavero Dom\u00ednguez. Instituto de Estudios Medievales. Universidad de Le\u00f3n.\nDra. Mar\u00eda Encarnaci\u00f3n Mart\u00edn L\u00f3pez. (I.E.M. Universidad de Le\u00f3n)\n\n<strong><strong>FECHAS:<\/strong> 14-17 de julio de 2015<\/strong>\n\n<strong>LUGAR:<\/strong> Ponferrada. Castillo de los Templarios, Templum Libri. Sala de las Armas del Conde.\n\n<strong>DURACI\u00d3N:<\/strong> 30 horas + 15 horas de trabajo personal del alumno\n\n<strong>N\u00daMERO DE ALUMNOS:<\/strong> m\u00ednimo 20, m\u00e1ximo 60.\n\n<strong>TASAS:<\/strong> 80 euros matr\u00edcula normal y 70 euros para estudiantes y licenciados en paro.\n\n<strong>DESTINATARIOS:<\/strong> Licenciados en Historia, Historia del Arte, Humanidades y\u00a0titulaciones afines. Alumnos de primer, segundo y tercer ciclo de las licenciaturas\u00a0se\u00f1aladas. Profesores de Ense\u00f1anza Secundaria. Interesados en el tema.\n\n<strong>CR\u00c9DITOS DE LIBRE CONFIGURACI\u00d3N: 3 LEC\/ 2 ECTS<\/strong>\n\n<strong>Colaboran:<\/strong>\n\nInstituto de Estudios Medievales. Universidad de Le\u00f3n\nFundaci\u00f3n Pedro \u00c1lvarez Osorio, conde de Lemos. Ayuntamiento de Ponferrada.\nSociedad Espa\u00f1ola de Estudios Medievales: SEEM\n&#8212;\n\nLa Sociedad Espa\u00f1ola de Estudios Medievales concede 2 becas para alumnos socios de la SEEM, menores de 30 a\u00f1os\n\n<hr \/>","protected":false},"excerpt":{"rendered":"<p>CURSOS DE VERANO 2021 LA ESCRITURA VISIG\u00d3TICA EN LOS REINOS HISP\u00c1NICOS OCCIDENTALES. A\u00d1O III: LA ESCRITURA VISIG\u00d3TICA EN LOS SIGLOS XI-XII 12\/07\/2021 &#8211; 16\/07\/2021 TEATRO GULL\u00d3N DE ASTORGA POBLACI\u00d3N Y DESPOBLACI\u00d3N EN EL BIERZO: EVALUANDO HIST\u00d3RICAMENTE EL VALLE DEL OZA 22\/07\/2021 &#8211; 24\/07\/2021 CASTILLO DE PONFERRADA Y MONTES DE VALDUEZA CURSO DE VERANO 2020 MUNDO [&hellip;]<\/p>\n","protected":false},"author":90,"featured_media":189,"parent":0,"menu_order":0,"comment_status":"closed","ping_status":"open","template":"","meta":{"footnotes":""},"class_list":["post-184","page","type-page","status-publish","has-post-thumbnail","hentry"],"_links":{"self":[{"href":"https:\/\/institutos.unileon.es\/instituto-estudios-medievales\/wp-json\/wp\/v2\/pages\/184","targetHints":{"allow":["GET"]}}],"collection":[{"href":"https:\/\/institutos.unileon.es\/instituto-estudios-medievales\/wp-json\/wp\/v2\/pages"}],"about":[{"href":"https:\/\/institutos.unileon.es\/instituto-estudios-medievales\/wp-json\/wp\/v2\/types\/page"}],"author":[{"embeddable":true,"href":"https:\/\/institutos.unileon.es\/instituto-estudios-medievales\/wp-json\/wp\/v2\/users\/90"}],"replies":[{"embeddable":true,"href":"https:\/\/institutos.unileon.es\/instituto-estudios-medievales\/wp-json\/wp\/v2\/comments?post=184"}],"version-history":[{"count":39,"href":"https:\/\/institutos.unileon.es\/instituto-estudios-medievales\/wp-json\/wp\/v2\/pages\/184\/revisions"}],"predecessor-version":[{"id":785,"href":"https:\/\/institutos.unileon.es\/instituto-estudios-medievales\/wp-json\/wp\/v2\/pages\/184\/revisions\/785"}],"wp:featuredmedia":[{"embeddable":true,"href":"https:\/\/institutos.unileon.es\/instituto-estudios-medievales\/wp-json\/wp\/v2\/media\/189"}],"wp:attachment":[{"href":"https:\/\/institutos.unileon.es\/instituto-estudios-medievales\/wp-json\/wp\/v2\/media?parent=184"}],"curies":[{"name":"wp","href":"https:\/\/api.w.org\/{rel}","templated":true}]}}