{"id":10,"date":"2010-10-15T11:22:41","date_gmt":"2010-10-15T11:22:41","guid":{"rendered":"http:\/\/institutos.unileon.es\/instituto-estudios-medievales\/"},"modified":"2021-05-28T10:16:13","modified_gmt":"2021-05-28T09:16:13","slug":"lineas-de-investigacion","status":"publish","type":"page","link":"https:\/\/institutos.unileon.es\/instituto-estudios-medievales\/lineas-de-investigacion\/","title":{"rendered":"L\u00edneas de Investigaci\u00f3n"},"content":{"rendered":"<address>\u00a0<\/address>\n<h3><span style=\"color: #993366;\"><strong>Historia del arte medieval<\/strong><\/span><\/h3>\n<ul>\n \t<li>Arquitectura y escultura medievales.<\/li>\n \t<li>Arte rom\u00e1nico.<\/li>\n \t<li>Arte mud\u00e9jar.<\/li>\n \t<li>Arquitectura y escultura: siglos XII-XV.<\/li>\n \t<li>Escultura g\u00f3tica.<\/li>\n \t<li>Orfebrer\u00eda g\u00f3tica.<\/li>\n \t<li>Iconograf\u00eda medieval.<\/li>\n \t<li>Tejidos musulmanes medievales.<\/li>\n \t<li>Patronazgo art\u00edstico.<\/li>\n \t<li>Castillos medievales.<\/li>\n<\/ul>\n<h3><strong><span style=\"color: #993366;\">Historia medieval<\/span><\/strong><\/h3>\n<ul>\n \t<li>Historia de la Iglesia y de sus instituciones: cofrad\u00edas, corporaciones y solidaridades. Poder episcopal, monacato, \u00f3rdenes militares y establecimientos ben\u00e9fico-asistenciales. Camino de Santiago y hospitalidad.<\/li>\n \t<li>Historia Social, con especial referencia a minor\u00edas, sobre todo los moz\u00e1rabes, en su contexto historiogr\u00e1fico y en su protagonismo fronterizo. Grupos marginales: indigentes, pobres, leprosos y, en general, nihilhabentes.<\/li>\n \t<li>Historia pol\u00edtica: fundamentalmente el siglo XII en el reino castellano-leon\u00e9s.<\/li>\n \t<li>Historia de la Baja Edad Media.<\/li>\n \t<li>Minor\u00edas socio-religiosas en la Edad Media.<\/li>\n \t<li>Arqueolog\u00eda medieval.<\/li>\n<\/ul>\n<h3><strong><span style=\"color: #993366;\">Ingl\u00e9s medieval<\/span><\/strong><\/h3>\nIngl\u00e9s medieval.\n<h3><strong><span style=\"color: #993366;\">Lat\u00edn postcl\u00e1sico y medieval<\/span><\/strong><\/h3>\n<ul>\n \t<li>Lat\u00edn medieval.<\/li>\n \t<li>Lat\u00edn tardoantiguo.<\/li>\n \t<li>Mitolog\u00eda.<\/li>\n \t<li>Textos medievales y literatura latina.<\/li>\n<\/ul>\n<h3><span style=\"color: #993366;\"><strong>Ling\u00fc\u00edstica medieval<\/strong><\/span><\/h3>\nLa lengua romance de la documentaci\u00f3n medieval (grafem\u00e1tica, lexicograf\u00eda, morfosintaxis y variaci\u00f3n diat\u00f3pica).\n<h3><span style=\"color: #993366;\"><strong>Literatura medieval<\/strong><\/span><\/h3>\n<ul>\n \t<li>Traducci\u00f3n, adaptaci\u00f3n y refundici\u00f3n de textos franceses y latinos medievales a la literatura espa\u00f1ola.<\/li>\n \t<li>La literatura art\u00farica en la Pen\u00ednsula Ib\u00e9rica.<\/li>\n \t<li>Esopo en la literatura medieval espa\u00f1ola.<\/li>\n \t<li>Literatura medieval hispana.<\/li>\n<\/ul>\n<h3><span style=\"color: #993366;\"><strong>Paleograf\u00eda, epigraf\u00eda y diplom\u00e1tica medievales<\/strong><\/span><\/h3>\n<ul>\n \t<li>Epigraf\u00eda medieval.<\/li>\n \t<li>Edici\u00f3n y estudio de textos diplom\u00e1ticos medievales hispanos.<\/li>\n \t<li>Edici\u00f3n y estudio de textos diplom\u00e1ticos medievales pontificios.<\/li>\n \t<li>Edici\u00f3n cr\u00edtica y estudio de fuentes: archivos catedralicios\/diocesanos y mon\u00e1sticos del reino de Le\u00f3n.<\/li>\n<\/ul>\n<h3><span style=\"color: #993366;\"><strong>La traducci\u00f3n en la Edad Media<\/strong><\/span><\/h3>\nHistoria de la traducci\u00f3n medieval.","protected":false},"excerpt":{"rendered":"<p>\u00a0 Historia del arte medieval Arquitectura y escultura medievales. Arte rom\u00e1nico. Arte mud\u00e9jar. Arquitectura y escultura: siglos XII-XV. Escultura g\u00f3tica. Orfebrer\u00eda g\u00f3tica. Iconograf\u00eda medieval. Tejidos musulmanes medievales. Patronazgo art\u00edstico. Castillos medievales. Historia medieval Historia de la Iglesia y de sus instituciones: cofrad\u00edas, corporaciones y solidaridades. Poder episcopal, monacato, \u00f3rdenes militares y establecimientos ben\u00e9fico-asistenciales. Camino de [&hellip;]<\/p>\n","protected":false},"author":1,"featured_media":0,"parent":0,"menu_order":0,"comment_status":"closed","ping_status":"open","template":"","meta":{"footnotes":""},"class_list":["post-10","page","type-page","status-publish","hentry"],"_links":{"self":[{"href":"https:\/\/institutos.unileon.es\/instituto-estudios-medievales\/wp-json\/wp\/v2\/pages\/10","targetHints":{"allow":["GET"]}}],"collection":[{"href":"https:\/\/institutos.unileon.es\/instituto-estudios-medievales\/wp-json\/wp\/v2\/pages"}],"about":[{"href":"https:\/\/institutos.unileon.es\/instituto-estudios-medievales\/wp-json\/wp\/v2\/types\/page"}],"author":[{"embeddable":true,"href":"https:\/\/institutos.unileon.es\/instituto-estudios-medievales\/wp-json\/wp\/v2\/users\/1"}],"replies":[{"embeddable":true,"href":"https:\/\/institutos.unileon.es\/instituto-estudios-medievales\/wp-json\/wp\/v2\/comments?post=10"}],"version-history":[{"count":6,"href":"https:\/\/institutos.unileon.es\/instituto-estudios-medievales\/wp-json\/wp\/v2\/pages\/10\/revisions"}],"predecessor-version":[{"id":775,"href":"https:\/\/institutos.unileon.es\/instituto-estudios-medievales\/wp-json\/wp\/v2\/pages\/10\/revisions\/775"}],"wp:attachment":[{"href":"https:\/\/institutos.unileon.es\/instituto-estudios-medievales\/wp-json\/wp\/v2\/media?parent=10"}],"curies":[{"name":"wp","href":"https:\/\/api.w.org\/{rel}","templated":true}]}}