{"id":248,"date":"2015-10-20T12:24:06","date_gmt":"2015-10-20T12:24:06","guid":{"rendered":"http:\/\/institutos.unileon.es\/ingenieria-quimica-ambiental-y-bioprocesos\/?page_id=248"},"modified":"2025-06-13T08:31:00","modified_gmt":"2025-06-13T08:31:00","slug":"contact-location","status":"publish","type":"page","link":"https:\/\/institutos.unileon.es\/ingenieria-quimica-ambiental-y-bioprocesos\/contact-location\/","title":{"rendered":"Contact \/ Location"},"content":{"rendered":"<h4><span style=\"color: #993300;\"><strong><a style=\"color: #993300;\" href=\"https:\/\/www.google.es\/maps\/place\/Av.+de+Portugal,+41,+24009+Le%C3%B3n\/@42.5849157,-5.5884924,17z\/data=!3m1!4b1!4m2!3m1!1s0xd379ac6eb0abfe5:0x8fe6a0b96cea61c2\">Localizaci\u00f3n\/Location<\/a><\/strong><\/span><\/h4>\n<h4><span style=\"color: #000000;\"><strong>Grupo de Ingenier\u00eda Qu\u00edmica, Ambiental y Bioprocesos.<\/strong><\/span><\/h4>\n<h4><span style=\"color: #000000;\"><strong>Instituto de Investigaci\u00f3n e Innovaci\u00f3n en Ingenier\u00eda<\/strong><\/span><\/h4>\n<h5><span style=\"color: #000000;\">Universidad de Le\u00f3n. Edificio IRENA. Avda. Portugal 41. 24009 Le\u00f3n<\/span><\/h5>\n<h5><span style=\"color: #000000;\">Tfno.: \u00a0987291841 \u00a0 \u00a0 \u00a0 \u00a0 \u00a0 \u00a0 \u00a0 \u00a0 \u00a0<\/span> \u00a0 \u00a0 \u00a0 \u00a0 \u00a0 \u00a0 \u00a0 \u00a0 \u00a0 \u00a0 \u00a0 \u00a0 \u00a0 \u00a0 \u00a0 \u00a0 \u00a0 \u00a0\u00a0<span style=\"color: #0000ff;\">e-mail: amorp@unileon.es<\/span><\/h5>\n<h4><span style=\"color: #000000;\"><strong>Chemical, Environmental and Bioprocess Engineering Group.<\/strong><\/span><\/h4>\n<h4><span style=\"color: #000000;\"><strong>Institute for Research and Innovation in Engineering<\/strong><\/span><\/h4>\n<h5>University of Le\u00f3n.\u00a0Avda. Portugal 41.\u00a024009 Le\u00f3n (SPAIN)<\/h5>\n<h5>Phone n\u00ba: 0034 987291841 \u00a0 \u00a0 \u00a0 \u00a0 \u00a0 \u00a0 \u00a0 \u00a0 \u00a0 \u00a0 \u00a0 \u00a0 \u00a0 \u00a0 \u00a0 \u00a0 \u00a0 \u00a0 \u00a0 \u00a0<span style=\"color: #0000ff;\">e-mail: amorp@unileon.es<\/span><\/h5>","protected":false},"excerpt":{"rendered":"<p>Localizaci\u00f3n\/Location Grupo de Ingenier\u00eda Qu\u00edmica, Ambiental y Bioprocesos. Instituto de Investigaci\u00f3n e Innovaci\u00f3n en Ingenier\u00eda Universidad de Le\u00f3n. Edificio IRENA. Avda. Portugal 41. 24009 Le\u00f3n Tfno.: \u00a0987291841 \u00a0 \u00a0 \u00a0 \u00a0 \u00a0 \u00a0 \u00a0 \u00a0 \u00a0 \u00a0 \u00a0 \u00a0 \u00a0 \u00a0 \u00a0 \u00a0 \u00a0 \u00a0 \u00a0 \u00a0 \u00a0 \u00a0 \u00a0 \u00a0 \u00a0 \u00a0 \u00a0\u00a0e-mail: amorp@unileon.es [&hellip;]<\/p>\n","protected":false},"author":106,"featured_media":0,"parent":0,"menu_order":0,"comment_status":"closed","ping_status":"closed","template":"","meta":{"footnotes":""},"class_list":["post-248","page","type-page","status-publish","hentry"],"_links":{"self":[{"href":"https:\/\/institutos.unileon.es\/ingenieria-quimica-ambiental-y-bioprocesos\/wp-json\/wp\/v2\/pages\/248","targetHints":{"allow":["GET"]}}],"collection":[{"href":"https:\/\/institutos.unileon.es\/ingenieria-quimica-ambiental-y-bioprocesos\/wp-json\/wp\/v2\/pages"}],"about":[{"href":"https:\/\/institutos.unileon.es\/ingenieria-quimica-ambiental-y-bioprocesos\/wp-json\/wp\/v2\/types\/page"}],"author":[{"embeddable":true,"href":"https:\/\/institutos.unileon.es\/ingenieria-quimica-ambiental-y-bioprocesos\/wp-json\/wp\/v2\/users\/106"}],"replies":[{"embeddable":true,"href":"https:\/\/institutos.unileon.es\/ingenieria-quimica-ambiental-y-bioprocesos\/wp-json\/wp\/v2\/comments?post=248"}],"version-history":[{"count":18,"href":"https:\/\/institutos.unileon.es\/ingenieria-quimica-ambiental-y-bioprocesos\/wp-json\/wp\/v2\/pages\/248\/revisions"}],"predecessor-version":[{"id":946,"href":"https:\/\/institutos.unileon.es\/ingenieria-quimica-ambiental-y-bioprocesos\/wp-json\/wp\/v2\/pages\/248\/revisions\/946"}],"wp:attachment":[{"href":"https:\/\/institutos.unileon.es\/ingenieria-quimica-ambiental-y-bioprocesos\/wp-json\/wp\/v2\/media?parent=248"}],"curies":[{"name":"wp","href":"https:\/\/api.w.org\/{rel}","templated":true}]}}