{"id":227,"date":"2014-09-21T13:41:45","date_gmt":"2014-09-21T11:41:45","guid":{"rendered":"http:\/\/institutos.unileon.es\/indegsal\/?page_id=227"},"modified":"2026-02-28T20:11:13","modified_gmt":"2026-02-28T19:11:13","slug":"curso-auxiliar-quirurgico-veterinario","status":"publish","type":"page","link":"https:\/\/institutos.unileon.es\/indegsal\/curso-auxiliar-quirurgico-veterinario\/","title":{"rendered":"Curso de Auxiliar Quir\u00fargico Veterinario 2026"},"content":{"rendered":"<p><\/p>\n<p class=\"has-text-align-center has-very-light-gray-color has-text-color has-background\" style=\"background-color:#2ed14d\">\n<p><\/p>\n<p><!--more--><\/p>\n<p><img loading=\"lazy\" decoding=\"async\" class=\"alignleft wp-image-2115 \" src=\"https:\/\/institutos.unileon.es\/indegsal\/files\/2023\/06\/Presentacion2-1.jpg\" alt=\"\" width=\"175\" height=\"98\" \/><\/p>\n<h1>INDEGSAL<\/h1>\n<h1 style=\"text-align: center;\"><strong><span style=\"color: #ff9900;\">AUXILIAR QUIR\u00daRGICO VETERINARIO<br \/><\/span>por la<\/strong> <strong>UNIVERSIDAD DE LEON<\/strong><\/h1>\n<p><span style=\"color: #ff9900;\"><strong><em>\u00a0\u00a1\u00a1CON M\u00c1S PR\u00c1CTICAS QUIR\u00daRGICAS!!<\/em><\/strong><\/span><\/p>\n<h2 style=\"text-align: center;\"><span style=\"color: #ff00ff;\"><strong>\u00a1PR\u00d3XIMA EDICI\u00d3N EN 2026<\/strong><\/span><span style=\"color: #ff00ff;\"><strong>. PENDIENTE DE TRAMITACI\u00d3N A CONSEJO DE GOBIERO<\/strong><\/span><span style=\"color: #ff00ff;\"><strong>\u00a0DE LA UNIVERSIDAD!<br \/><\/strong><\/span><span style=\"color: #ff00ff;\"><strong>Puede ENVIAR YA su SOLICITUD de PREINSCRIPCI\u00d3N a: cursos.veterinaria.ule@gmail.com!<\/strong><\/span><\/h2>\n<h2 style=\"text-align: center;\"><a href=\"https:\/\/institutos.unileon.es\/indegsal\/temario-curso-aqv\/\" target=\"_blank\" rel=\"noopener\"><strong>Temario del curso de Auxiliar Quir\u00fargico Veterinario<\/strong><\/a><\/h2>\n<p><strong>Directores:<br \/><\/strong>C\u00e9sar A. Chamorro. Catedr\u00e1tico del Departamento de Medicina, Cirug\u00eda y Anatom\u00eda Veterinaria. Instituto de Desarrollo Guandero y Sanidad Animal. Universidad de Le\u00f3n.<strong><br \/><\/strong>Jos\u00e9 Antonio Rodr\u00edguez-Altonaga Mart\u00ednez. Profesor Titular del Departamento de Medicina, Cirug\u00eda y Anatom\u00eda Veterinaria. Universidad de Le\u00f3n. Director del Hospital Veterinario de la Universidad de Le\u00f3n.<\/p>\n<p><strong>Profesores:<br \/>Profesores especialistas y miembros del Instituto de Desarrollo Ganadero y Sanidad Animal (INDEGSAL).<\/strong><\/p>\n<p><strong>Salidas profesionales<br \/><\/strong>Las personas que realicen este curso adquirir\u00e1n los conocimientos te\u00f3ricos y pr\u00e1cticos necesarios para el ejercicio profesional de un nuevo perfil laboral cada vez con m\u00e1s demanda en la profesi\u00f3n veterinaria y en la sociedad consistente en labores de auxiliar de la profesi\u00f3n veterinaria en el \u00e1mbito de la cirug\u00eda, para lo que recibir\u00e1n las ense\u00f1anzas b\u00e1sicas necesarias.<br \/>Est\u00e1 dirigido a personas que quieran trabajar en cl\u00ednicas veterinarias, hospitales veterinarios, zool\u00f3gicos, centros de recuperaci\u00f3n de animales silvestres, etc. o que ya trabajen en estos puestos y que su contacto diario con los animales en el \u00e1mbito quir\u00fargico les exija mejorar su preparaci\u00f3n, as\u00ed como personas con inter\u00e9s en el mundo animal.<\/p>\n<p><strong>Duraci\u00f3n del curso en cr\u00e9ditos u horas totales y el calendario:<br \/><\/strong>La duraci\u00f3n ser\u00e1 de 4,5 cr\u00e9ditos ECTS que se desarrollar\u00e1n sobre la base de 31 sesiones te\u00f3rico-pr\u00e1cticas on line grabadas sobre los temas incluidos en el programa y pr\u00e1cticas de quir\u00f3fano: prequir\u00fargicas, quir\u00fargicas y posquir\u00fargicas, con estancias en hospitales veterinarios y en cl\u00ednicas participantes.<\/p>\n<p><strong>Programaci\u00f3n docente.<br \/>TEMARIO. (Puede estar sujeto a algunas actualizaciones por criterios acad\u00e9micos).<br \/><\/strong>Las sesiones ser\u00e1n te\u00f3ricopr\u00e1cticas on line con una duraci\u00f3n de unos 60 minutos (excepto algunas en las que se indica duraci\u00f3n doble y que ser\u00e1n de 120 minutos).<br \/>Los titulados en Auxiliar Veterinario por la Universidad de Le\u00f3n est\u00e1n exentos de realizar el Bloque I. Los titulados en Auxiliar Veterinario por otros centros podr\u00e1n solicitar la convalidaci\u00f3n de este bloque, quedando exentos de dichas clases si bien deber\u00e1n abonar la matr\u00edcula correspondiente a esta parte.<br \/>Todos los alumnos deber\u00e1n de realizar obligatoriamente los Bloques II a IV.<br \/><span style=\"color: #3366ff;\">Los temas y sus contenidos ser\u00e1n puestos a disposici\u00f3n de los alumnos en una intranet al efecto de manera que puedan ver las clases cuando mejor puedan y las veces que lo necesiten, con res\u00famenes en pdf que el alumno puede descargar.<\/span><\/p>\n<p>Los alumnos <strong>podr\u00e1n solicitar a la organizaci\u00f3n del curso agrupar las pr\u00e1cticas de estancia cl\u00ednica<\/strong> (sujeto a disponibilidad) las cuales se realizar\u00edan en el Hospital Veterinario de la Universidad de Le\u00f3n en las fechas escogidas por el alumno y todas seguidas a fin de reducir el coste para el alumno y la disponibilidad de d\u00edas para ello.<\/p>\n<p><strong>BLOQUE I: ANATOM\u00cdA Y FISIOLOGIA (s\u00f3lo para los no titulados previamente en Auxiliar Veterinario)<br \/><\/strong><strong>Tema 1.-<\/strong> Terminolog\u00eda. Aparato locomotor. Huesos, articulaciones y m\u00fasculos.<br \/><strong>Tema 2.-<\/strong> Sistema cardiovascular. Grandes arterias y venas. Circulaci\u00f3n perif\u00e9rica de inter\u00e9s quir\u00fargico. N\u00f3dulos linf\u00e1ticos.<br \/><strong>Tema 3.-<\/strong> Aparato respiratorio. Nariz, laringe, tr\u00e1quea y pulmones.<br \/><strong>Tema 4.-<\/strong> Aparato digestivo. Boca, dientes, est\u00f3mago e intestino.<br \/><strong>Tema 5.-<\/strong> Aparato urogenital. Ri\u00f1\u00f3n, v\u00edas urinarias. \u00d3rganos genitales del macho y de la hembra.<br \/><strong>Tema 6.-<\/strong> Sistema nervioso central y perif\u00e9rico. M\u00e9dula espinal. Gl\u00e1ndulas endocrinas.<br \/><strong>Tema 7.- <\/strong>\u00d3rganos de los sentidos. Piel y anejos cut\u00e1neos.<br \/><strong>Tema 8.-<\/strong> Caracter\u00edsticas anat\u00f3micas m\u00e1s significativas de los mam\u00edferos ex\u00f3ticos.<br \/><strong>Tema 9.-<\/strong> Caracter\u00edsticas anat\u00f3micas m\u00e1s significativas de aves.<br \/><strong>BLOQUE II: PARTE TE\u00d3RICA QUIRURGICA<br \/><\/strong><strong>Tema 10.-<\/strong>\u00a0Instalaciones y equipos quir\u00fargicos. Instrumental quir\u00fargico y t\u00e9cnicas de esterilizaci\u00f3n. Preparaci\u00f3n del paciente quir\u00fargico. Limpieza, depilaci\u00f3n y desinfecci\u00f3n. Preparaci\u00f3n del campo quir\u00fargico.<br \/><strong>Tema 11.-<\/strong>\u00a0T\u00e9cnicas de asepsia y antisepsia. Preparaci\u00f3n del personal quir\u00fargico. Conceptos b\u00e1sicos en la ayuda al cirujano.<br \/><strong>Tema 12.-<\/strong>\u00a0Conceptos t\u00e9cnicos y terminolog\u00eda quir\u00fargica del asistente del cirujano. Divisi\u00f3n de los tejidos. Incisiones, punciones, resecciones, disecci\u00f3n, ligaduras, estrangulaci\u00f3n, arrancamientos. Ayuda en la disecci\u00f3n quir\u00fargica.<br \/><strong>Tema 13.-<\/strong>\u00a0Inyecciones. Tipos, material y t\u00e9cnicas. Consideraciones especiales en las distintas especies.<br \/><strong>Tema 14.-<\/strong> Suturas. Concepto, instrumental, material, t\u00e9cnicas y patrones. Tipos de sutura: cutaneomusculares, tendinosas, nerviosas, vasculares e intestinales. Otros tipos de sutura. Materiales adhesivos de tejidos.<br \/><strong>Tema 15.-<\/strong>\u00a0Drenajes, curas y vendajes. Drenajes: clasificaci\u00f3n. Indicaciones, t\u00e9cnicas y complicaciones. Curas: instrumental, materiales, tipos de curas y complicaciones. Vendajes: concepto, clases, materiales, indicaciones y t\u00e9cnicas, complicaciones.<br \/><strong>Tema 16.-<\/strong>\u00a0El preoperatorio. Exploraci\u00f3n preoperatoria general del paciente quir\u00fargico. Toma de constantes vitales. Consideraciones especiales en pacientes cr\u00edticos.<br \/><strong>Tema 17.-<\/strong>\u00a0Postoperatorio. Principios generales: aplicaci\u00f3n de f\u00e1rmacos, evaluaci\u00f3n del paciente hospitalizado y reconocimiento de complicaciones potenciales. Control postoperatorio.<br \/><strong>Tema 18.-<\/strong>\u00a0Preanestesia. Conceptos b\u00e1sicos. F\u00e1rmacos preanest\u00e9sicos.<br \/><strong>Tema 19.-<\/strong>\u00a0Valoraci\u00f3n preanest\u00e9sica. Manejo preanest\u00e9sico del paciente quir\u00fargico. Consideraciones especiales.<br \/><strong>Tema 20.-<\/strong> Anestesia. Conceptos b\u00e1sicos. Tipos. V\u00edas de administraci\u00f3n de f\u00e1rmacos anest\u00e9sicos. Anestesia general. Indicaciones y tipos. Equipos y material anest\u00e9sico. <br \/><strong>Tema 21.-<\/strong> Monitorizaci\u00f3n del paciente quir\u00fargico. T\u00e9cnicas b\u00e1sicas de ventilaci\u00f3n asistida. Consideraciones especiales en pacientes cr\u00edticos.<br \/><strong>Tema 22.-<\/strong>\u00a0Complicaciones anest\u00e9sicas. Tipos y protocolos de actuaci\u00f3n. F\u00e1rmacos y material de urgencia. T\u00e9cnicas de reanimaci\u00f3n.<br \/><strong>Tema 23.-<\/strong>\u00a0El auxiliar quir\u00fargico en urgencias. Fluidoterapia.<br \/><strong>Tema 24.-<\/strong>\u00a0Introducci\u00f3n a t\u00e9cnicas quir\u00fargicas especializadas. Conocimiento del equipamiento espec\u00edfico de las mismas: T\u00e9cnicas de endoscopia r\u00edgida y flexible.<br \/><strong>Tema 25.-<\/strong>\u00a0T\u00e9cnicas de radiolog\u00eda intervencionista. Manejo del Arco de Radioscopia. Limpieza y cuidados del equipamiento. Normas de Radioprotecci\u00f3n.<br \/><strong>BLOQUE III: PR\u00c1CTICAS CLINICAS REGLADAS<br \/><\/strong><strong>PRACTICA 1. <\/strong>Visita guiada de instalaciones quir\u00fargicas. Circulaci\u00f3n del paciente. Preparaci\u00f3n del personal quir\u00fargico.<br \/><strong>PRACTICA 2.<\/strong> Preparaci\u00f3n del material quir\u00fargico. Empaquetado y manejo del autoclave.<br \/><strong>PRACTICA 3<\/strong>. Conocimiento avanzado del instrumental quir\u00fargico y manejo del mismo. Tipos de suturas. (Doble duraci\u00f3n).<br \/><strong>PR\u00c1CTICA 4<\/strong>. Introducci\u00f3n a la anestesia. Conocimiento y manejo del equipo y del equipamiento necesario. F\u00e1rmacos de urgencia y v\u00edas de administraci\u00f3n. (Doble duraci\u00f3n)<br \/><strong>PRACTICA 5<\/strong>. Vendajes: materiales y tipos.<br \/><strong>PRACTICA 6<\/strong>. Introducci\u00f3n al cuidado y mantenimiento del equipamiento de radiolog\u00eda intervencionista y endoscopia.<br \/><strong><br \/>BLOQUE IV: PARTE PRACTICAS CLINICAS ASISTENCIALES (NO REGLADAS). <\/strong><strong>Se realizaran en hospitales veterinarios\u00a0y en el resto de centros y cl\u00ednicas concertadas.<br \/><\/strong>Los alumnos participaran en grupos de 2 a 4 en diferentes procedimientos quir\u00fargicos hospitalarios, participando en la preparaci\u00f3n del paciente y del instrumental necesario, en la anestesia y monitorizaci\u00f3n de la misma, como personal quir\u00fargico asistente del cirujano y finalmente en la recuperaci\u00f3n y hospitalizaci\u00f3n inmediata del paciente.<\/p>\n<p>Las estancias en cl\u00ednicas se realizar\u00e1n en hospitales veterinarios y las cl\u00ednicas concertadas al efecto, pudiendo realizarse otras cl\u00ednicas o de provincias de origen de los alumnos previa solicitud y acuerdo con la cl\u00ednica propuesta (estas pr\u00e1cticas est\u00e1n planificadas de acuerdo a la legislaci\u00f3n vigente en la fecha de aprobaci\u00f3n del curso por el Consejo de Gobierno de la Universidad de Le\u00f3n, pudiendo adaptarse o modificarse en caso de cambiar la legislaci\u00f3n o normativa al respecto) (en este caso, si la legislaci\u00f3n obliga a ello, el alumno y el centro concertado deber\u00e1n hacerse cargo de su alta en la seguridad social) (realizada la correspondiente consulta, en el presente no es necesario que los alumnos de este curso de Extensi\u00f3n Universitaria requieran alta en la Seguridad Social). <br \/>Para las pr\u00e1cticas quir\u00fargicas se avisar\u00e1 a los alumnos previamente seg\u00fan la disponibilidad mostrada por estos, por los centros y los casos quir\u00fargicos presentados. Es necesario \u00a0considerar que las cirug\u00edas se realizan principalmente por las ma\u00f1anas.<\/p>\n<p><strong>Profesorado responsable de la docencia.<br \/><\/strong><strong>Profesores especialistas y miembros del Instituto de Desarrollo Ganadero y Sanidad Animal (INDEGSAL).<br \/><\/strong>&#8211; C\u00e9sar A. Chamorro \u00c1lvarez. Catedr\u00e1tico de Universidad. Dpto. Medicina, Cirug\u00eda y Anatom\u00eda Veterinarias. Instituto de desarrollo Ganadero y Sanidad Animal (INDEGSAL). Universidad de Le\u00f3n.<br \/>&#8211; Jos\u00e9 Gabriel Fern\u00e1ndez \u00c1lvarez. Catedr\u00e1tico de Universidad. Dpto. Medicina, Cirug\u00eda y Anatom\u00eda Veterinarias. Universidad de Le\u00f3n.<br \/>&#8211; Jos\u00e9 R. Altonaga. Profesor Titular de Universidad. Dpto. Medicina, Cirug\u00eda y Anatom\u00eda Veterinarias. Universidad de Le\u00f3n. Director del Hospital Veterinario Universidad de Le\u00f3n.<br \/>&#8211; Jos\u00e9 Manuel Gonzalo Orden. Catedr\u00e1tico de Universidad. Dpto. Medicina, Cirug\u00eda y Anatom\u00eda Veterinarias. Universidad de Le\u00f3n.<br \/>&#8211; Inmaculada D\u00edez Prieto. Profesora Titular jubilada de Universidad. Directora del Departamento de Medicina, Cirug\u00eda y Anatom\u00eda Veterinarias. Universidad de Le\u00f3n.<br \/>&#8211; Juan Rejas L\u00f3pez. \u00a0Profesor Titular de Universidad. Dpto. Medicina, Cirug\u00eda y Anatom\u00eda Veterinarias. Universidad de Le\u00f3n.<br \/>&#8211; Marta Regueiro Purri\u00f1os. Responsable del Servicio de Anestesia y Hospitalizaci\u00f3n de la fundaci\u00f3n Investigaci\u00f3n Sanitaria en Le\u00f3n.<br \/>&#8211; Iv\u00e1n Prada Arean. Responsable del Servicio de Cirug\u00eda de VetPets. Veterinario Externo del Hospital Veterinario de la Universidad\u00a0de Le\u00f3n.<br \/>&#8211; Luis Anel L\u00f3pez. Profesor Ayudante Doctor. Universidad de Le\u00f3n.<br \/>&#8211; David Vi\u00f1uela Baraga\u00f1o. Auxiliar Quir\u00fargico Veterinario. Universidad de Le\u00f3n.<br \/>&#8211; Ricardo Lafarga Garc\u00eda. Veterinario cl\u00ednico. Experto en cirug\u00eda endosc\u00f3pica.<br \/>&#8211; Pilar Alonso Alonso. Cl\u00ednica Veterinaria Dra. Pilar Alonso.<br \/>&#8211; Ricardo D\u00edez Reyero. Veterinario cl\u00ednico. Cl\u00ednica Veterinaria Santo Domingo<\/p>\n<p><strong>Instituciones o centros colaboradores que participan en el programa propuesto, entre otros:<br \/><\/strong>Hospital Veterinario de la Universidad de Le\u00f3n<br \/>Laparovet. Endoscopia M\u00f3vil.<br \/>Cl\u00ednica Veterinaria Dra. Pilar Alonso.<br \/>Cl\u00ednica Veterinaria Santo Domingo.<br \/>Hospital Ferral.<\/p>\n<p><strong>CARACTERISTICAS<br \/><\/strong><strong>\u25cf Duraci\u00f3n: <\/strong>Intensivo: 3 meses.<br \/><strong>\u25cf Coste:<br \/><\/strong><strong>Titulados en Auxiliar Veterinario\u00a0 por la Universidad de Le\u00f3n:<br \/><\/strong>Matr\u00edcula: 285 euros y dos plazos de 200 euros.<br \/><strong>Alumnos sin titulaci\u00f3n previa en Auxiliar Veterinario:<br \/><\/strong>Matr\u00edcula: 285 euros y dos plazos de 250 euros.<br \/>SE ESTABLECE UNA REBAJA EN AMBOS CASOS SOBRE EL PRECIO TOTAL PARA ALUMNOS CON DISCAPACIDAD RECONOCIDA IGUAL O SUPERIOR AL 40% Y PARA ALUMNOS DE LA UNIVERSIDAD DE LEON: Matr\u00edcula: 220 \u20ac y dos plazos de 190 \u20ac.<br \/>Si un alumno por razones econ\u00f3micas justificadas necesita otros plazos u otras cantidades en cada plazo debe de solicitarlo a la direcci\u00f3n del curso al correo: <a href=\"mailto:indegsal@unileon.es\">cursos.veterinaria.ule@gmail.com<\/a><br \/><strong>\u25cf Lugar f\u00edsico<\/strong>: Facultad de Veterinaria de la Universidad de Le\u00f3n, hospitales veterinarios\u00a0y cl\u00ednicas concertadas al efecto.<br \/>Las clases pr\u00e1cticas se desarrollar\u00e1n de acuerdo a la disponibilidad de los alumnos y de los centros.<br \/><strong>\u25cf <\/strong><strong>Comienzo estimado<\/strong>: <strong>11 de marzo de 2026. <\/strong>Se combinar\u00e1 la recepci\u00f3n de ense\u00f1anzas te\u00f3ricas y pr\u00e1cticas del modo y manera que mejor se adapte a la disponibilidad de los alumnos.<br \/><strong>\u25cf Finalizaci\u00f3n estimada: 30 de junio de 2026.<br \/><\/strong><strong><strong>\u25cf Plazas limitadas<\/strong><\/strong>. N\u00famero m\u00ednimo de alumnos: 8<br \/><strong>\u25cf Plazo de solicitud de admisi\u00f3n: Desde 15 de julio de 2025<\/strong>.<br \/><strong>\u25cf <\/strong>Se entrega <strong>diploma acreditativo<\/strong> <strong>(de APTITUD)<\/strong> de la\u00a0<strong>Universidad de Le\u00f3n<\/strong>.<br \/><strong>\u25cf Cr\u00e9ditos acad\u00e9micos: Equivalente a 4,5 cr\u00e9ditos universitarios ECTS (reconocidos autom\u00e1ticamente por Consejo de Gobierno de la Universidad de Le\u00f3n). Los alumnos que hayan realizado estudios similares (de licenciatura, grado o cursos similares) pueden solicitar la convalidaci\u00f3n de los temas de las ense\u00f1anzas te\u00f3ricas y pr\u00e1cticas correspondientes.<br \/><\/strong><\/p>\n<p><strong>PLAZAS:<\/strong><br \/>Ante la gran demanda de informaci\u00f3n y de solicitudes que se recibieron en las pasadas ediciones de los diversos cursos de \u00e1mbito veterinario, lo que hizo que no fuera posible que hubiera plazas para todos en algunos casos, la direcci\u00f3n de dichos cursos ha establecido un formulario de solicitudes para \u201cReserva de plaza\u201d en los mencionados t\u00edtulos.<br \/><strong>Una vez admitido, desde la Administraci\u00f3n del curso se pondr\u00e1n en contacto con el alumno para comunicarle toda la informaci\u00f3n pertinente.<br \/><\/strong>&#8212;&#8212;&#8212;&#8212;&#8212;&#8212;&#8212;&#8212;&#8212;&#8212;&#8212;&#8212;&#8212;&#8212;&#8212;&#8212;&#8212;&#8212;&#8212;&#8212;&#8212;&#8212;&#8212;&#8212;&#8212;&#8212;&#8212;&#8212;&#8212;&#8212;&#8212;&#8212;&#8212;&#8212;&#8212;&#8211;<\/p>\n<p style=\"text-align: center;\"><strong>FORMULARIO DE SOLICITUD DE ADMISION. AUXILIAR QUIR\u00daRGICO VETERINARIO<br \/><\/strong><strong>(copiar y pegar el formulario en el correo electr\u00f3nico: cursos.veterinaria.ule@gmail.com , o imprimir y rellenar en papel)<\/strong><\/p>\n<p>D\u2026\u2026\u2026\u2026\u2026\u2026\u2026\u2026\u2026\u2026\u2026\u2026\u2026\u2026\u2026\u2026\u2026\u2026\u2026\u2026\u2026\u2026\u2026\u2026\u2026\u2026\u2026\u2026\u2026\u2026\u2026\u2026\u2026 NIF\u2026\u2026\u2026\u2026\u2026\u2026\u2026\u2026\u2026\u2026\u2026\u2026. Domicilio\u2026\u2026\u2026\u2026\u2026\u2026\u2026\u2026\u2026\u2026\u2026\u2026\u2026\u2026\u2026\u2026.\u2026\u2026\u2026\u2026\u2026\u2026\u2026\u2026\u2026\u2026\u2026\u2026\u2026.. Localidad\u2026\u2026\u2026\u2026\u2026\u2026\u2026\u2026\u2026\u2026\u2026\u2026\u2026\u2026\u2026.\u2026\u2026\u2026\u2026\u2026\u2026\u2026\u2026\u2026\u2026\u2026\u2026.\u2026\u2026 Ayuntamiento\u2026\u2026\u2026\u2026\u2026\u2026\u2026\u2026\u2026\u2026\u2026.\u2026\u2026\u2026.\u2026.\u2026.C\u00f3digo Postal\u2026\u2026\u2026\u2026.. Tel\u00e9fono\/s de contacto\u2026\u2026\u2026\u2026\u2026\u2026\u2026.\u2026\u2026\u2026\u2026\u2026\u2026\u2026\u2026\u2026\u2026\u2026\u2026\u2026\u2026\u2026\u2026. Correo electr\u00f3nico \u2026\u2026\u2026&#8230;&#8230;&#8230;&#8230;&#8230;&#8230;..\u2026\u2026\u2026\u2026\u2026\u2026\u2026\u2026\u2026\u2026\u2026\u2026\u2026 Solicita su admisi\u00f3n en el curso de Auxiliar Quir\u00fargico Veterinario de la Universidad de Le\u00f3n.<br \/>Las pr\u00e1cticas prequir\u00fargicas, quir\u00fargicas y posquir\u00fargicas se realizar\u00e1n de acuerdo a los casos quir\u00fargicos y en fechas concertadas con el alumno seg\u00fan su disponibilidad y la del centro\/hospital.<br \/>&#8212;&#8212;&#8212;&#8212;&#8212;&#8212;&#8212;&#8212;&#8212;&#8212;&#8212;&#8212;&#8212;&#8212;&#8212;&#8212;&#8212;&#8212;&#8212;&#8212;&#8212;&#8212;&#8212;&#8212;&#8212;&#8212;&#8212;&#8212;&#8212;&#8212;&#8212;&#8212;&#8212;&#8212;&#8212;&#8211;<\/p>\n<p>El solicitante puede aportar cuantos datos considere de inter\u00e9s para su admisi\u00f3n en el curso.<\/p>\n<p>Enviar una copia cumplimentada del Formulario de Admisi\u00f3n a:<br \/>&#8211; Por correo electr\u00f3nico (enviar los datos antes se\u00f1alados):<br \/>cursos.veterinaria.ule@gmail.com<br \/>&#8211; En formato papel:<br \/>C\u00e9sar A. Chamorro. Dpto. Medicina, Cirug\u00eda y Anatom\u00eda. Facultad de Veterinaria. Campus de Vegazana. 24071 Le\u00f3n.<\/p>\n<p><strong>Una vez enviado el formulario, desde la Administraci\u00f3n del curso se pondr\u00e1n en contacto con el solicitante. <\/strong><\/p>\n<p><strong>Una vez admitido, desde la Administraci\u00f3n del curso se pondr\u00e1n en contacto con el alumno para comunicarle toda la informaci\u00f3n pertinente.<\/strong><\/p>\n<h2><span style=\"color: #00ff00;\">INFORMACION UTIL:<\/span><\/h2>\n<p>\u2666 <a href=\"https:\/\/www.unileon.es\/estudiantes\/futuros-estudiantes\/servicios-estudiantes\/alojamientos\">Programa vivienda<\/a><br \/>Es un servicio gratuito que se presta a los alumnos y dem\u00e1s personas que lo soliciten para facilitarles la b\u00fasqueda de alojamiento, pisos en alquiler, habitaciones\u2026<\/p>\n<p>*UNIVERSIDAD DE LEON. NORMATIVA DE ACTIVIDADES DE EXTENSI\u00d3N UNIVERSITARIA<br \/>15. Devoluci\u00f3n de tasas de matr\u00edcula<br \/>La anulaci\u00f3n de una actividad dar\u00e1 derecho al reembolso autom\u00e1tico de las tasas abonadas. <br \/>Cuando la devoluci\u00f3n sea debida a la actuaci\u00f3n del interesado, se podr\u00e1 solicitar la devoluci\u00f3n de tasas hasta 7 d\u00edas naturales antes de la fecha de inicio de la actividad teniendo derecho al reintegro del 100% del coste de la matr\u00edcula. Salvo en casos excepcionales, no se reintegrar\u00e1 el coste de la matr\u00edcula cuando se solicite la devoluci\u00f3n de tasas durante los 7 d\u00edas naturales anteriores al inicio de la actividad. <br \/>Una vez iniciada la actividad, no proceder\u00e1 la devoluci\u00f3n de las tasas de matr\u00edcula en ning\u00fan caso.<\/p>\n","protected":false},"excerpt":{"rendered":"","protected":false},"author":30,"featured_media":0,"parent":0,"menu_order":0,"comment_status":"closed","ping_status":"closed","template":"","meta":{"footnotes":""},"class_list":["post-227","page","type-page","status-publish","hentry"],"_links":{"self":[{"href":"https:\/\/institutos.unileon.es\/indegsal\/wp-json\/wp\/v2\/pages\/227","targetHints":{"allow":["GET"]}}],"collection":[{"href":"https:\/\/institutos.unileon.es\/indegsal\/wp-json\/wp\/v2\/pages"}],"about":[{"href":"https:\/\/institutos.unileon.es\/indegsal\/wp-json\/wp\/v2\/types\/page"}],"author":[{"embeddable":true,"href":"https:\/\/institutos.unileon.es\/indegsal\/wp-json\/wp\/v2\/users\/30"}],"replies":[{"embeddable":true,"href":"https:\/\/institutos.unileon.es\/indegsal\/wp-json\/wp\/v2\/comments?post=227"}],"version-history":[{"count":159,"href":"https:\/\/institutos.unileon.es\/indegsal\/wp-json\/wp\/v2\/pages\/227\/revisions"}],"predecessor-version":[{"id":2860,"href":"https:\/\/institutos.unileon.es\/indegsal\/wp-json\/wp\/v2\/pages\/227\/revisions\/2860"}],"wp:attachment":[{"href":"https:\/\/institutos.unileon.es\/indegsal\/wp-json\/wp\/v2\/media?parent=227"}],"curies":[{"name":"wp","href":"https:\/\/api.w.org\/{rel}","templated":true}]}}