{"id":8,"date":"2010-11-08T08:55:09","date_gmt":"2010-11-08T08:55:09","guid":{"rendered":"http:\/\/institutos.unileon.es\/inbiomic\/"},"modified":"2025-11-06T09:41:16","modified_gmt":"2025-11-06T09:41:16","slug":"ubicacion-e-informacion-de-contacto","status":"publish","type":"page","link":"https:\/\/institutos.unileon.es\/inbiomic\/ubicacion-e-informacion-de-contacto\/","title":{"rendered":"Ubicaci\u00f3n e Informaci\u00f3n de Contacto"},"content":{"rendered":"<table style=\"width: 100%;\">\r\n<tbody>\r\n<tr>\r\n<th style=\"width: 30%;\" align=\"center\">Director<\/th>\r\n<td style=\"width: 70%;\" align=\"center\">Dr. Hugo M\u00e9lida Mart\u00ednez<\/td>\r\n<\/tr>\r\n<tr>\r\n<th align=\"center\">Direcci\u00f3n Postal<\/th>\r\n<td align=\"center\">UNIVERSIDAD DE LE\u00d3N<br \/>Instituto de Biolog\u00eda Molecular, Gen\u00f3mica y Prote\u00f3mica<br \/>Campus de Vegazana, s\/n<br \/>24071 LE\u00d3N<\/td>\r\n<\/tr>\r\n<tr>\r\n<th align=\"center\">Tel\u00e9fono<\/th>\r\n<td align=\"center\">987 29 36 69<\/td>\r\n<\/tr>\r\n<tr>\r\n<th align=\"center\">Correo electr\u00f3nico<\/th>\r\n<td align=\"center\"><a href=\"mailto:igp@unileon.es\">igp@unileon.es<\/a><\/td>\r\n<\/tr>\r\n<\/tbody>\r\n<\/table>","protected":false},"excerpt":{"rendered":"<p>Director Dr. Hugo M\u00e9lida Mart\u00ednez Direcci\u00f3n Postal UNIVERSIDAD DE LE\u00d3NInstituto de Biolog\u00eda Molecular, Gen\u00f3mica y Prote\u00f3micaCampus de Vegazana, s\/n24071 LE\u00d3N Tel\u00e9fono 987 29 36 69 Correo electr\u00f3nico igp@unileon.es<\/p>\n","protected":false},"author":1,"featured_media":0,"parent":0,"menu_order":0,"comment_status":"closed","ping_status":"closed","template":"","meta":{"footnotes":""},"class_list":["post-8","page","type-page","status-publish","hentry"],"_links":{"self":[{"href":"https:\/\/institutos.unileon.es\/inbiomic\/wp-json\/wp\/v2\/pages\/8","targetHints":{"allow":["GET"]}}],"collection":[{"href":"https:\/\/institutos.unileon.es\/inbiomic\/wp-json\/wp\/v2\/pages"}],"about":[{"href":"https:\/\/institutos.unileon.es\/inbiomic\/wp-json\/wp\/v2\/types\/page"}],"author":[{"embeddable":true,"href":"https:\/\/institutos.unileon.es\/inbiomic\/wp-json\/wp\/v2\/users\/1"}],"replies":[{"embeddable":true,"href":"https:\/\/institutos.unileon.es\/inbiomic\/wp-json\/wp\/v2\/comments?post=8"}],"version-history":[{"count":23,"href":"https:\/\/institutos.unileon.es\/inbiomic\/wp-json\/wp\/v2\/pages\/8\/revisions"}],"predecessor-version":[{"id":136,"href":"https:\/\/institutos.unileon.es\/inbiomic\/wp-json\/wp\/v2\/pages\/8\/revisions\/136"}],"wp:attachment":[{"href":"https:\/\/institutos.unileon.es\/inbiomic\/wp-json\/wp\/v2\/media?parent=8"}],"curies":[{"name":"wp","href":"https:\/\/api.w.org\/{rel}","templated":true}]}}