{"id":52,"date":"2010-11-24T06:52:37","date_gmt":"2010-11-24T06:52:37","guid":{"rendered":"http:\/\/institutos.unileon.es\/imambiente-rnaturales-biodiversidad\/"},"modified":"2015-02-02T17:40:31","modified_gmt":"2015-02-02T17:40:31","slug":"bienvenida","status":"publish","type":"page","link":"https:\/\/institutos.unileon.es\/imambiente-rnaturales-biodiversidad\/grupos\/ingenieria-quimica-y-ambiental\/bienvenida\/","title":{"rendered":"Bienvenida"},"content":{"rendered":"<h3><a href=\"http:\/\/institutos.unileon.es\/imambiente-rnaturales-biodiversidad\/?p=262\">English versi\u00f3n<\/a><\/h3>\r\n<h3>Historia del Grupo<\/h3>\r\nEl Instituto de Recursos Naturales (conocido como IRENA) fue creado en 1997 en el seno de la Universidad de Le\u00f3n, con el objetivo de estudiar, conservar y encontrar aplicaci\u00f3n a los Recursos Naturales disponibles, todo ello desde una \u00f3ptica multidisciplinar y buscando el beneficio \u00faltimo de la sociedad.\r\n\r\nEl grupo de investigaci\u00f3n, perteneciente al IRENA y dedicado a la valorizaci\u00f3n de residuos y desarrollo de procesos tecnol\u00f3gicos en el \u00e1mbito del binomio agua-energ\u00eda, es el <em>Grupo de Ingenier\u00eda Qu\u00edmica, Ambiental y Bioprocesos.<\/em> Es un grupo multidisciplinar, integrado por m\u00e1s de 25 personas. En los \u00faltimos diez a\u00f1os la labor del grupo se ha desarrollado fundamentalmente en las l\u00edneas de:\r\n<ul>\r\n\t<li>Valorizaci\u00f3n energ\u00e9tica de diversos residuos org\u00e1nicos mediante digesti\u00f3n anaerobia.<\/li>\r\n\t<li>Tratamiento de aguas residuales mediante MEC y MFC<\/li>\r\n\t<li>Tratamiento t\u00e9rmico (pirolisis) de residuos y combustibles.<\/li>\r\n\t<li>Producci\u00f3n de biofertilizantes.<\/li>\r\n\t<li>Producci\u00f3n de hidr\u00f3geno a partir de la fermentaci\u00f3n biol\u00f3gica de residuos org\u00e1nicos<\/li>\r\n\t<li>Tratamientos bioelectroqu\u00edmicos para la recuperaci\u00f3n de materiales<\/li>\r\n\t<li>Desarrollo de prototipos destinados a la valorizaci\u00f3n energ\u00e9tica y tratamiento de aguas y residuos.<\/li>\r\n<\/ul>\r\nEn nuestras instalaciones se cuenta con un reactor piloto de pir\u00f3lisis utilizado en la generaci\u00f3n de biochar con capacidad de procesamiento de 10 \u2013 15 kg\/h. Adem\u00e1s en el seno de las mismas, se han desarrollado y estudiado procesos para la valorizaci\u00f3n de residuos y biomasa. Se tiene amplia experiencia en los procesos de pir\u00f3lisis y aplicaci\u00f3n del biochar generado al suelo como elemento \u00fatil en la retenci\u00f3n y liberaci\u00f3n condicionada de nutrientes.\r\n\r\nPor otra parte, se han desarrollado biofertilizantes inteligentes, los cuales han sido patentados y en la actualidad se encuentra en desarrollo la elaboraci\u00f3n de un soporte biol\u00f3gico para mejorar la germinaci\u00f3n de semillas.\r\n\r\nSe cuenta con amplia experiencia en digesti\u00f3n anaerobia de diversos residuos y en la aplicaci\u00f3n de pre-tratamientos para mejorar la digestibilidad de los fangos. A modo de ejemplo, apuntar que se ha desarrollado un prototipo para la digesti\u00f3n de residuos de IV gama con capacidad de tratamiento de material particulado.\r\n\r\nEl grupo ha colaborado adem\u00e1s, en el desarrollo y puesta en marcha de plantas piloto de pir\u00f3lisis y digesti\u00f3n tanto en fase l\u00edquida como en fase s\u00f3lida. Complementariamente a estas tecnolog\u00edas, actualmente estamos desarrollando plantas piloto de tratamiento de aguas por proceso bioelectroquimicos.\r\n<h3>Carta del Grupo<\/h3>\r\nQueremos ofrecer, desde esta p\u00e1gina Web, una perspectiva general sobre qui\u00e9nes somos y a qu\u00e9 dedicamos nuestros esfuerzos. Esperamos sep\u00e1is disculpar los posibles errores o dificultades que pudierais encontrar mientras naveg\u00e1is por \u00e9ste, nuestro rinc\u00f3n en la red, y al mismo tiempo nos comprometemos a intentar subsanarlos lo m\u00e1s pronto posible.\r\n\r\nEsta p\u00e1gina se ha hecho con mucho cari\u00f1o y confiamos en que en ella pod\u00e1is encontrar toda la informaci\u00f3n que dese\u00e9is; si en alg\u00fan caso necesit\u00e1is informaci\u00f3n adicional o quer\u00e9is poneros en contacto con nosotros, no dud\u00e9is en hacerlo, para nosotros ser\u00eda un grato placer contestar a todas vuestras consultas.\r\n<h3><a href=\"http:\/\/institutos.unileon.es\/imambiente-rnaturales-biodiversidad\/?p=262\">English versi\u00f3n<\/a><\/h3>","protected":false},"excerpt":{"rendered":"<p>English versi\u00f3n Historia del Grupo El Instituto de Recursos Naturales (conocido como IRENA) fue creado en 1997 en el seno de la Universidad de Le\u00f3n, con el objetivo de estudiar, conservar y encontrar aplicaci\u00f3n a los Recursos Naturales disponibles, todo ello desde una \u00f3ptica multidisciplinar y buscando el beneficio \u00faltimo de la sociedad. El grupo [&hellip;]<\/p>\n","protected":false},"author":1,"featured_media":0,"parent":26,"menu_order":0,"comment_status":"closed","ping_status":"open","template":"","meta":{"footnotes":""},"class_list":["post-52","page","type-page","status-publish","hentry"],"_links":{"self":[{"href":"https:\/\/institutos.unileon.es\/imambiente-rnaturales-biodiversidad\/wp-json\/wp\/v2\/pages\/52","targetHints":{"allow":["GET"]}}],"collection":[{"href":"https:\/\/institutos.unileon.es\/imambiente-rnaturales-biodiversidad\/wp-json\/wp\/v2\/pages"}],"about":[{"href":"https:\/\/institutos.unileon.es\/imambiente-rnaturales-biodiversidad\/wp-json\/wp\/v2\/types\/page"}],"author":[{"embeddable":true,"href":"https:\/\/institutos.unileon.es\/imambiente-rnaturales-biodiversidad\/wp-json\/wp\/v2\/users\/1"}],"replies":[{"embeddable":true,"href":"https:\/\/institutos.unileon.es\/imambiente-rnaturales-biodiversidad\/wp-json\/wp\/v2\/comments?post=52"}],"version-history":[{"count":5,"href":"https:\/\/institutos.unileon.es\/imambiente-rnaturales-biodiversidad\/wp-json\/wp\/v2\/pages\/52\/revisions"}],"predecessor-version":[{"id":267,"href":"https:\/\/institutos.unileon.es\/imambiente-rnaturales-biodiversidad\/wp-json\/wp\/v2\/pages\/52\/revisions\/267"}],"up":[{"embeddable":true,"href":"https:\/\/institutos.unileon.es\/imambiente-rnaturales-biodiversidad\/wp-json\/wp\/v2\/pages\/26"}],"wp:attachment":[{"href":"https:\/\/institutos.unileon.es\/imambiente-rnaturales-biodiversidad\/wp-json\/wp\/v2\/media?parent=52"}],"curies":[{"name":"wp","href":"https:\/\/api.w.org\/{rel}","templated":true}]}}