{"id":2,"date":"2010-12-22T07:35:23","date_gmt":"2010-12-22T07:35:23","guid":{"rendered":"http:\/\/institutos.unileon.es\/igm\/?page_id=2"},"modified":"2011-11-28T12:59:08","modified_gmt":"2011-11-28T12:59:08","slug":"informacion-general","status":"publish","type":"page","link":"https:\/\/institutos.unileon.es\/igm\/","title":{"rendered":"Informaci\u00f3n general"},"content":{"rendered":"El <strong>Instituto de Ganader\u00eda de Monta\u00f1a<\/strong> (IGM) es un instituto mixto de investigaci\u00f3n constituido por el Consejo Superior de Investigaciones Cient\u00edficas (CSIC) y la Universidad de Le\u00f3n, que agrupa investigadores de ambas instituciones. Su sede est\u00e1 en la Finca Marzanas en Grulleros (Le\u00f3n) y la investigaci\u00f3n que desarrolla tienen como objetivo la modernizaci\u00f3n de la gesti\u00f3n y la tecnolog\u00eda de los sistemas agroganaderos y de pastoreo tradicionales.\r\n\r\nLos objetivos cient\u00edficos del IGM est\u00e1n dirigidos a la investigaci\u00f3n en \u00e1reas relacionadas con la nutrici\u00f3n, la producci\u00f3n y la sanidad animal, fundamentalmente de rumiantes, y con la relaci\u00f3n entre los sistemas ganaderos y el uso del territorio. Se trata de contribuir a mejorar los sistemas actuales de producci\u00f3n en lo relativo a rendimiento productivo, sanidad y bienestar de los animales, a la interacci\u00f3n con el entorno (utilizaci\u00f3n del territorio, contaminaci\u00f3n, entre otros) y a la calidad de los productos obtenidos.","protected":false},"excerpt":{"rendered":"<p>El Instituto de Ganader\u00eda de Monta\u00f1a (IGM) es un instituto mixto de investigaci\u00f3n constituido por el Consejo Superior de Investigaciones Cient\u00edficas (CSIC) y la Universidad de Le\u00f3n, que agrupa investigadores de ambas instituciones. Su sede est\u00e1 en la Finca Marzanas en Grulleros (Le\u00f3n) y la investigaci\u00f3n que desarrolla tienen como objetivo la modernizaci\u00f3n de la [&hellip;]<\/p>\n","protected":false},"author":1,"featured_media":0,"parent":0,"menu_order":0,"comment_status":"closed","ping_status":"open","template":"","meta":{"footnotes":""},"class_list":["post-2","page","type-page","status-publish","hentry"],"_links":{"self":[{"href":"https:\/\/institutos.unileon.es\/igm\/wp-json\/wp\/v2\/pages\/2","targetHints":{"allow":["GET"]}}],"collection":[{"href":"https:\/\/institutos.unileon.es\/igm\/wp-json\/wp\/v2\/pages"}],"about":[{"href":"https:\/\/institutos.unileon.es\/igm\/wp-json\/wp\/v2\/types\/page"}],"author":[{"embeddable":true,"href":"https:\/\/institutos.unileon.es\/igm\/wp-json\/wp\/v2\/users\/1"}],"replies":[{"embeddable":true,"href":"https:\/\/institutos.unileon.es\/igm\/wp-json\/wp\/v2\/comments?post=2"}],"version-history":[{"count":4,"href":"https:\/\/institutos.unileon.es\/igm\/wp-json\/wp\/v2\/pages\/2\/revisions"}],"predecessor-version":[{"id":23,"href":"https:\/\/institutos.unileon.es\/igm\/wp-json\/wp\/v2\/pages\/2\/revisions\/23"}],"wp:attachment":[{"href":"https:\/\/institutos.unileon.es\/igm\/wp-json\/wp\/v2\/media?parent=2"}],"curies":[{"name":"wp","href":"https:\/\/api.w.org\/{rel}","templated":true}]}}