{"id":14,"date":"2010-10-15T09:00:18","date_gmt":"2010-10-15T09:00:18","guid":{"rendered":"http:\/\/institutos.unileon.es\/ibiomed\/"},"modified":"2010-11-05T06:45:07","modified_gmt":"2010-11-05T06:45:07","slug":"lineas-de-investigacion","status":"publish","type":"page","link":"https:\/\/institutos.unileon.es\/ibiomed\/lineas-de-investigacion\/","title":{"rendered":"L\u00edneas de Investigaci\u00f3n"},"content":{"rendered":"<ul>\r\n\t<li>Mecanismos moleculares en patolog\u00edas humanas<\/li>\r\n\t<li>Efectos celulares y moleculares de f\u00e1rmacos y nutric\u00e9ticos<\/li>\r\n\t<li>Epidemiolog\u00eda, prevenci\u00f3n y control de enfermedades<\/li>\r\n\t<li>Desarrollo de modelos animales en Biomedicina<\/li>\r\n\t<li>Desarrollo de modelos celulares in vitro de relevancia biom\u00e9dica<\/li>\r\n\t<li>Utilizaci\u00f3n de c\u00e9lulas madre en Biomedicina<\/li>\r\n\t<li>Actividad f\u00edsica, salud y calidad de vida<\/li>\r\n<\/ul>","protected":false},"excerpt":{"rendered":"<p>Mecanismos moleculares en patolog\u00edas humanas Efectos celulares y moleculares de f\u00e1rmacos y nutric\u00e9ticos Epidemiolog\u00eda, prevenci\u00f3n y control de enfermedades Desarrollo de modelos animales en Biomedicina Desarrollo de modelos celulares in vitro de relevancia biom\u00e9dica Utilizaci\u00f3n de c\u00e9lulas madre en Biomedicina Actividad f\u00edsica, salud y calidad de vida<\/p>\n","protected":false},"author":1,"featured_media":0,"parent":0,"menu_order":0,"comment_status":"closed","ping_status":"open","template":"","meta":{"footnotes":""},"class_list":["post-14","page","type-page","status-publish","hentry"],"_links":{"self":[{"href":"https:\/\/institutos.unileon.es\/ibiomed\/wp-json\/wp\/v2\/pages\/14","targetHints":{"allow":["GET"]}}],"collection":[{"href":"https:\/\/institutos.unileon.es\/ibiomed\/wp-json\/wp\/v2\/pages"}],"about":[{"href":"https:\/\/institutos.unileon.es\/ibiomed\/wp-json\/wp\/v2\/types\/page"}],"author":[{"embeddable":true,"href":"https:\/\/institutos.unileon.es\/ibiomed\/wp-json\/wp\/v2\/users\/1"}],"replies":[{"embeddable":true,"href":"https:\/\/institutos.unileon.es\/ibiomed\/wp-json\/wp\/v2\/comments?post=14"}],"version-history":[{"count":13,"href":"https:\/\/institutos.unileon.es\/ibiomed\/wp-json\/wp\/v2\/pages\/14\/revisions"}],"predecessor-version":[{"id":41,"href":"https:\/\/institutos.unileon.es\/ibiomed\/wp-json\/wp\/v2\/pages\/14\/revisions\/41"}],"wp:attachment":[{"href":"https:\/\/institutos.unileon.es\/ibiomed\/wp-json\/wp\/v2\/media?parent=14"}],"curies":[{"name":"wp","href":"https:\/\/api.w.org\/{rel}","templated":true}]}}